*2 + 50/15. What is the highest common divisor of o and 21?
3
Suppose -4*j + 4*l = -l - 619, 5*l + 458 = 3*j. Calculate the highest common factor of j and 4508.
161
Let t(v) = -42*v + 1771. Let y be t(41). Calculate the highest common factor of 31997 and y.
49
Let r be (51858/(-402))/(-1 - (-80)/86). Calculate the greatest common divisor of 129 and r.
43
Let w = -21751 + 56227. Calculate the greatest common factor of 12 and w.
12
Suppose 0 = 2*r - 5*y - 6130, -15296 = -5*r + 7*y - 9*y. Suppose -28*q + r = -16*q. Calculate the highest common divisor of q and 30.
15
Let f = 51042 + -50992. Suppose 4*h - 700 - 900 = 0. Calculate the greatest common factor of f and h.
50
Let j(n) = -12*n**2 - 619*n + 3. Let p be j(-51). Let g = -32 + 77. Calculate the highest common factor of p and g.
45
Let c be ((-2553)/(-74))/(-23)*(7372/(-3) - -2). Calculate the greatest common divisor of 116 and c.
29
Suppose -652*d + j - 26 = -654*d, d = 3*j + 27. Let q = 102 + -7. Calculate the greatest common divisor of q and d.
5
Let z(u) = 10*u + 28. Let f(o) = 10*o + 27. Let k(d) = 3*f(d) - 2*z(d). Let h be k(-4). Let q be -5*3/h + 37. Calculate the greatest common divisor of 19 and q.
19
Suppose 4*i = 2*q - 28, 4*q + 2*i - 109 = -3. Calculate the greatest common divisor of q and 1752.
24
Let f be (-9)/(-6) - (-232)/16. Let q be -4 + f/4 - -1. Suppose 0 = -4*i - 4*y - q + 17, 3*i + y = 14. Calculate the greatest common divisor of 35 and i.
5
Let k(d) = 36*d + 1178. Let z be k(-32). Let m be -1 + (-2)/(-2) - 4. Let q be 52/(-5)*10/m. Calculate the highest common divisor of z and q.
26
Let t(z) = 20*z - 74. Suppose -8*m + 5*m + 28 = 5*y, -5*y + 24 = -m. Let j be t(y). What is the highest common divisor of j and 65?
13
Let l be ((-8)/(-2 - 3/(-2)))/1. Suppose 4*f - l + 1 = -3*i, -3*i + 15 = 5*f. Let s be (-11)/(22/(-4)) - f. What is the highest common factor of s and 5?
1
Suppose 0 = -5*c - 4*c - 81. Let h be (-3)/(c/(-111)) - 5. Let o = 66 + h. What is the highest common factor of 3 and o?
3
Suppose -3*i = 4*i - 1305 + 227. What is the greatest common divisor of i and 1925?
77
Let k(z) = 2*z**2 - 77*z - 952. Let i be k(49). Let r = -14 + 35. What is the greatest common factor of i and r?
7
Suppose -3*g = -25*i + 26*i - 583, 0 = -5*i - 10. What is the greatest common factor of 1677 and g?
39
Suppose 55*t - 19449 - 17906 = -15080. Calculate the greatest common factor of t and 195.
15
Suppose -2*o = 9*o - 6655. Suppose 3*x + 2*x - 600 = -3*b, -4*b = 5*x - o. Calculate the highest common divisor of x and 26.
13
Let t be 1/(1/311)*(-2 - -6). Suppose 9180 - t = 16*b. Calculate the highest common divisor of b and 31.
31
Let b = -4 - -8. Suppose b*l - 139 = 33. Let m = 55 + l. What is the highest common factor of 14 and m?
14
Let k(d) = 4*d**3 - 4*d**2 + 15*d - 45. Let z be k(3). Calculate the greatest common divisor of z and 2952.
72
Let n be (-8)/6*(4 - (-33)/(-6)). Suppose -2*v = 4*o - v - 9, 4*o + 5*v = -3. Suppose m + 2*m - o = 0. Calculate the highest common factor of n and m.
1
Let f(q) = 0 + 86 + 35*q + 40 - 67*q + 28*q. Let b be f(31). Calculate the highest common factor of b and 14.
2
Let z = 222 - 201. Suppose -d + 75 - z = 0. What is the highest common divisor of d and 6?
6
Let b(p) = 2*p**3 + 37*p**2 + 49*p - 83. Let u be b(-17). Let f = 0 - -88. Let s = f + u. Calculate the greatest common factor of 65 and s.
13
Let t be (345/30 + -4)*6320. What is the highest common divisor of 200 and t?
200
Let p be (1 - (-8)/2) + (-260)/(-20). Calculate the greatest common factor of p and 40.
2
Let l be (728/(-273))/(24/(-495)). What is the greatest common divisor of 2875 and l?
5
Suppose n + 0*n + 8 = 0. Let i(j) = 14 + 7 - 8 - j + 9. Let c be i(n). What is the highest common divisor of c and 12?
6
Let r be (14/4)/1 + 2/4. Let d(t) = 26 - 19 - 6*t + 4*t**2 - r*t - 2*t. Let j be d(3). Calculate the greatest common divisor of 21 and j.
7
Let g be 104/16 - 1/(-2) - 2. Suppose -g*p + 105 = -0*u - 5*u, -8 = -4*u. What is the greatest common factor of 69 and p?
23
Let b(d) = -11*d**2 - 11*d + 23. Let w be b(5). Let z = w - -339. What is the greatest common factor of 32 and z?
32
Suppose 11135 - 274030 = -199*a + 424849. Calculate the greatest common divisor of a and 27.
27
Let d(i) = -i**2 - 12*i - 30. Let f be d(-14). Let y = f + 62. Suppose y*b - 2*c = 154, 4*c + 20 = -0*c. What is the greatest common factor of 18 and b?
18
Let c be -10 + (0 - 0) + -1 + -1. Let q be 20/6*-1*c/4. Suppose q*f - 220 = 5*f. Calculate the highest common divisor of f and 4.
4
Suppose -10*m + 11*m + 5 = 0. Let h be (-3 - -6) + m + 23 + 1. Calculate the highest common factor of 220 and h.
22
Let n(k) = -k**3 + 2*k**2 + 6. Let t be n(0). Let d(u) = -2*u**3 + 12*u**2 + 8*u - 9. Let i be d(t). Calculate the greatest common divisor of i and 13.
13
Let u(p) = p**3 + 10*p**2 - 3*p - 9. Let a be u(-10). Let g be 2/(-7) + (-9734)/(-14). Let q be g/3 + 10/(-15). What is the greatest common divisor of q and a?
21
Suppose 0 = 14*d - 7 - 49. Let l be (-2)/d*(-1 + 2)*8. Let j be (-3)/(-4) + (-29)/l. What is the highest common divisor of j and 24?
8
Suppose 12*d + 2498 = 6590. What is the highest common divisor of d and 155?
31
Suppose -5*c + 4*a + 122 = -277, -5*c + a = -396. Calculate the highest common divisor of 1817 and c.
79
Suppose 6*n - 87 = 51. Suppose -n*q - 42 = -157. Calculate the highest common divisor of q and 50.
5
Suppose 16 = -4*o, -144*o - 20 = -4*x - 141*o. Calculate the highest common divisor of x and 722.
2
Let v = -21 - -39. Suppose 4 = 2*q + 5*f, 7*f = 5*q + 2*f - 80. Let r be ((-8)/6)/(q/(-18)). What is the highest common divisor of r and v?
2
Let m be (-14)/(-49) - (-570)/14. Let j = -68 + m. Let a = 35 + j. Calculate the greatest common factor of a and 88.
8
Let w be -65*(4609/(-385) + 3/(-7)). Calculate the greatest common divisor of w and 13.
13
Let f(c) = 1 - 3 + 2 + 4 + 3*c. Let v be f(4). Suppose 0 = -3*a - 3*z + 423, 294 = 7*a - 5*a - 2*z. Calculate the highest common divisor of v and a.
16
Let t(u) = 22*u**3 + 8*u**2 + 52*u - 182. Let c be t(4). What is the greatest common factor of 154 and c?
22
Let k = 229 - 228. Let s be 83 - (-2)/((k + -4)/(-6)). Calculate the highest common divisor of s and 29.
29
Let x = 586 + -571. What is the highest common divisor of x and 5415?
15
Suppose 0 = -5*m + 44 - 494. Let r = m + 106. Let x(z) = 58*z + 2. Let g be x(3). Calculate the greatest common divisor of g and r.
16
Let w = -176 + 178. Let c(g) = 2*g**3 - 5*g**2 + 9*g - 5. Let h be c(w). Calculate the highest common divisor of 72 and h.
9
Suppose -2*k + 169*d = 166*d - 2659, d - 6690 = -5*k. What is the highest common factor of k and 7?
7
Let a be 2/(-20)*24/(-18) - (-61064)/1020. What is the greatest common divisor of a and 7785?
15
Suppose 5*t = 4*f - 141, -5*f + 11*t + 99 = -82. What is the highest common divisor of f and 10013?
17
Let o(a) = a**3 - 4*a**2 - 9*a + 6. Let b be o(5). Let l = -33 - b. Let m = l + 41. What is the greatest common factor of 33 and m?
11
Suppose -21*r - 4625 - 370 = -66*r. Calculate the highest common factor of r and 111.
111
Suppose 682 = 8*i - 4022. What is the greatest common factor of 396 and i?
12
Let a = 12898 + -12105. What is the greatest common factor of 143 and a?
13
Suppose 0 = -2*r - 8910 + 8988. Let o be (-1)/(-4) + 125/(-20). Let m be (-4)/o + 76/3. What is the highest common factor of r and m?
13
Suppose -734 = 2*l + 4*t, -l - 337 = -2*t - 2*t. Let v = 360 + l. Calculate the highest common factor of 234 and v.
3
Let r = 29 + 1059. Calculate the greatest common divisor of r and 192.
64
Let p(h) = 65*h**3 + 15*h**2 - h + 6. Let q be p(4). Calculate the greatest common divisor of q and 124.
62
Let s = -281 - -308. Let c be (s/6 - 0)/((-15)/(-30)). Calculate the highest common factor of 96 and c.
3
Suppose 2*r + 901 = 653. Let a = 4 + -9. Let v be r/a*(10 - 0/(-1)). Calculate the greatest common divisor of 31 and v.
31
Let h = 82 - 77. Suppose -3*f - u + h*u = 14, -4*u = 5*f + 34. Let s be (0 - (7 + -4))*f. Calculate the highest common divisor of s and 72.
18
Let s(y) be the second derivative of -5/12*y**4 + y**3 + 0 + 9/2*y**2 + 24*y - 1/20*y**5. Let o be s(-6). What is the highest common factor of o and 99?
9
Suppose -p + 23 = -4*b, p + 3*b = -b + 7. 